8 - 0)?
-25
Evaluate (7 - (0 + 1)) + 29 + -17 + -14.
4
What is (-1 + 20 - 1) + -4 + -3?
11
Calculate -23 + (58 - 35) - (38 + -2).
-36
What is the value of -1 - 18 - (41 + -65)?
5
What is the value of 13 + (-5 - 18) + 11 - -32?
33
-15 - (9 + 18 + -49)
7
Calculate (10 + -14 - 0) + 7.
3
What is (-6 - (-1 - 0)) + 190 + -174?
11
((5 - -8) + -17 - 1) + (4 - 0)
-1
Calculate (-20 - (-6 + -12)) + 18.
16
What is the value of -11 + (7 - (27 + -26 + 13))?
-18
What is -11 + 6 + 5 - (1 - (-3 - -5))?
1
What is the value of (-26 - -1) + (24 - 0)?
-1
What is 1 - -8 - -15 - 20?
4
What is 33 + -36 - (-4 - 19)?
20
-2 + -3 + 1 - (21 + (-2 - -1))
-24
What is the value of -12 + -4 - (-3 + 3) - (47 - 35)?
-28
What is the value of -6 + (56 - 54 - (-1 - -16))?
-19
-12 + -3 - (44 + -34)
-25
Evaluate 9 - (14 - -1 - (-2 - -10)).
2
Evaluate 21 - (20 + 30 + -48).
19
(0 + 11 - (-46 - -51)) + -25
-19
What is -5 - 13 - (17 + -12 + -8)?
-15
Evaluate -3 + 8 + 27 + -39.
-7
2 + -13 + 31 - -3 - 5
18
5 - (-30 - -30) - 3
2
Calculate 15 + (-18 - -21) + -5.
13
Evaluate (2 - 7) + (-4 - (-8 - -3)) + 6.
2
What is the value of 2 - (-5 - ((-5 - 21) + 7)) - -2?
-10
Evaluate 3 + 35 + (268 - 292).
14
What is 49 + 1 + -44 + -5 + 0?
1
Evaluate 10 - (10 + (6 - 21)).
15
What is the value of -12 + 3 - (-12 - (-9 + 8))?
2
Evaluate -3 - (-1 - -2 - 5).
1
What is the value of (4 - 0) + (-95 - -80)?
-11
(-18 + -9 - -7 - -10) + 22
12
-5 + 40 - (-108 + 114)
29
Calculate 6 - (39 + -49 - (-4 + 13)).
25
Calculate (12 - -1 - (-10 + 3)) + -11 - 5.
4
Calculate 2 - (-47 + -7 + 41).
15
Evaluate (-38 - (0 + -24)) + 45.
31
-10 - (-6 + 3 - 1)
-6
What is the value of -67 - -87 - (11 + 0) - 19?
-10
Calculate -3 - (-34 + 16) - 8.
7
-16 - (-5 - -2) - (-10 - -5)
-8
What is -11 + (6 - (-5 + 0 + 2))?
-2
What is the value of -6 - (8 - 0 - (39 + -23))?
2
Evaluate -15 - (1 + (-12 - 1)).
-3
What is the value of -4 - (-28 - -33 - 24)?
15
Evaluate (236 - 219) + (4 - 2 - (-3 - -12)).
10
Evaluate 3 + (-8 + 6 + -1 - -4) + 11.
15
What is (-39 - (1 + -38)) + (-1 - -12)?
9
What is 20 + (-15 + 5 - (-5 - -4))?
11
Evaluate -16 - (70 + -72 - (-2 - -1)).
-15
What is 39 - (63 + -25) - 11?
-10
-18 + 0 + -11 + 219 + -211
-21
Evaluate (1499 - 1512) + (1 - -24).
12
What is -20 + 4 + -5 - -24?
3
What is -10 - (-5 + -9 + -2)?
6
What is -6 + 2 - (-6 + 4 - -3) - 0?
-5
What is the value of -16 + 15 + -13 + 10?
-4
Calculate (-1 - 0) + (-312 + 296 - (-2 + -1)).
-14
Evaluate (2 - 12) + -1 + -5.
-16
Evaluate -13 + -7 - -11 - -13 - -9.
13
Calculate 16 - (-33 + 7) - 19.
23
8 - (28 - (11 + 12))
3
What is the value of 11 - (2 - 5 - -18) - -8?
4
What is (34 - 2 - (2 + 2)) + -11?
17
What is -15 - (-4 - -7 - (0 + 2) - 1)?
-15
Calculate (-22 - -59) + -31 + -39.
-33
What is 1 + (-25 - (-1 + -14))?
-9
What is (19 - 31) + 9 + (-7 - 1)?
-11
What is 22 + -2 + -32 - -31?
19
What is the value of -877 + 855 + 2 + -11?
-31
What is 39 - (4 - -6 - ((26 - 12) + -10))?
33
What is -1 + 10 + 0 + -14 + -32 + -1?
-38
What is the value of -11 + (5 - (-8 + 21 + -5))?
-14
Evaluate -587 - -607 - (29 + 1).
-10
What is the value of (-31 + 8 - -10) + 25 - -12?
24
Evaluate (2 - 13) + -94 + 113.
8
Calculate -9 + (29 - (19 - 1 - -3 - 10)).
9
What is -24 - (10 - -3 - (18 - (4 - -9)))?
-32
What is the value of (-18 - -9) + 2 + 11 + 3 + -19?
-12
(-61 - -26) + 19 - (2 + -4 + -1)
-13
1 - 8 - (-2 + -2 - (-15 - -13))
-5
What is -1 + 27 - (10 + -7 + 9)?
14
0 + 4 - (46 + -34)
-8
What is 2 + (14 - -14) + -7?
23
What is the value of -3 + (15 - (0 + 15 - 6))?
3
What is the value of 10 - (7 + 2 + 1 - (7 + -5))?
2
What is (-1 + -5 - (162 + -188)) + (0 - 2)?
18
What is the value of -42 - (21 - 4 - 71)?
12
Evaluate 447 - 461 - (-5 + -1).
-8
What is (-14 - ((8 - 5) + -6)) + 5?
-6
What is the value of 7 - (-2 - (-28 - -40 - (-1 + 8)))?
14
5 + (-13 - -7) + -8
-9
(30 - -8) + -4 + -12 + 16
38
Evaluate 0 - (-2 + 14 + -5 + -12).
5
-12 + 14 - (-18 + 24)
-4
Calculate 0 + 1 + -7 - (-31 + 13).
12
Evaluate -89 + 84 + -1 + -4 + 0 - 11.
-21
Calculate -32 - ((-53 - -29) + -11).
3
What is -7 + (7 - (-5 + 19))?
-14
(5 - (11 + 2)) + 6
-2
Evaluate (-9 - (-3 - -1)) + 46 + -17.
22
What is the value of -3 + (0 - -8) - (-12 + (-5 - -13))?
9
17 - (-19 + 11 + 10) - (0 + 2)
13
Calculate -8 - (-23 + 15 + -2).
2
-37 + -27 + 25 - -10
-29
What is (10 + -43 - -7) + (1 - -10)?
-15
What is 59 + -60 + (-35 - -62)?
26
What is the value of -7 - (-4 - 8) - (-6 - -29)?
-18
What is the value of -14 + -1 + 10 + 21 + -23?
-7
Calculate (2 - 12) + (-1 - -22) + -3.
8
3 + (-2 - (-8 - 13))
22
Evaluate -18 - (-17 + 19 + -42).
22
What is the value of -10 - (-9 + (-6 - (-22 - -2)))?
-15
What is (23 - (0 + 7)) + (3 - 10)?
9
What is 18 + (19 - (40 - 13 - 14))?
24
Evaluate 32 + -13 + -11 + (-3 - (16 - 2)).
-9
What is the value of -6 + (-141 - -137 - (1 - (1 - -3)))?
-7
Evaluate -13 + (-6 - -1 - -17).
-1
(-14 - 55) + 56 - (-25 - 1)
13
-29 - (-8 - (9 + -9 + -1)) - -8
-14
What is the value of 12 + 0 + -51 + 41?
2
-2 + -2 - (-21 - -6 - 9)
20
Evaluate 5 - (-2 + 5 + -2 + (3 - 1)).
2
Evaluate -164 + 128 - (-3 + 13) - (-9 + 2).
-39
Calculate (-13 - -1) + 13 + 5.
6
Calculate 2 - 0 - (-15 - -3) - (4 - 0).
10
Calculate (0 - -14) + (121 - 55 - 57).
23
7 - (22 - (47 + -40 + -7 + 1))
-14
Calculate (6 + 4 - (20 + -7)) + 12.
9
What is the value of 36 + (-10 - 8) + -2?
16
Evaluate 1 - (3 - -3) - ((-28 - -3) + 19).
1
Evaluate 8 + (9 - (6 + (-3 - 2))).
16
Calculate (20 - -8 - 20) + (19 - -2 - -1).
30
-4 - (23 + -35) - (-1 - -21)
-12
What is 0 + 5 + (-14 - -19) + (1 - 6)?
5
What is the value of (12 - 0) + -9 + 17 + -39?
-19
What is the value of -14 + (-11 + -1 - (8 - 6))?
-28
Calculate 15 - (1 + -6 - (8 + -21 + 3)).
10
What is (-2 + 5 - 8) + 11 - -11?
17
What is the value of (2 - -1) + -38 + 38 - 10?
-7
What is 11 + -22 + (90 - 81) + 0 + -1?
-3
(-1 - 0) + 8 + -13 + (-6 - -5)
-7
What is -4 + -23 + 38 - (-1 + 1)?
11
What is -9 - (22 + -21) - (29 - 16)?
-23
2 - 1 - (-47 - -62)
-14
What is the value of (3 - 10 - -10) + 3 + -17?
-11
Evaluate -53 + 73 - (9 + -2).
13
Evaluate 3 + (2 - (12 + 3)).
-10
Evaluate (61 - 57) + (-1 - 11).
-8
What is 1 + -15 + (-6 + 10 - 7)?
-17
What is -4 - (-18 + 11 + -2)?
5
Calculate -5 - (35 + -18) - -15.
-7
(6 - 18) + 11 - -11
10
Evaluate -1 - (1 - 0 - (7 - (-2 - -9))).
-2
15 + (-8 + -10 - 6)
-9
What is the value of (0 - -5) + (1 - 0) + -25 + 26?
7
Evaluate (0 - 2 - -2) + 1182 + -1161.
21
What is the value of 7 + 3 + 2 + 1 + -2?
11
Evaluate -3 - -6 - (83 + -83 + -9 + 0).
12
Calculate 2 - ((0 - -11) + -7 + -4).
2
Evaluate 10 - (-1 - -5) - (0 + -1).
7
Evaluate 16 + (-31 - 16) + 32.
1
-8 + 6 + 2 + 8 + -11 - -16
13
What is 1353 + -1315 + (1 - 9)?
30
What is -1 - -15 - 6 - (-11 + 5)?
14
What is the value of (292 - 266) + -2 + -29?
-5
What is 18 - (-12 + 23 - 6)?
13
Calculate 636 + -625 - ((1 - 9) + -1).
20
-10 + ((-16 - -11) + -1 + -5 - -4)
-17
What is the value of (-3 - -24) + 19 + -20 + -6?
14
-482 + 500 - (0 - -2)
16
What is 9 + -2 + -5 - (2 - 1 - 5)?
6
7 - (-28 - 1 - -29)
7
What is -14 - ((4 - 6) + -3 + -5)?
-4
Evaluate 0 - (6 - 1) - (4 - (8 + 6)).
5
(4 - -1) + (-3 - 2 - 0 - -6)
6
What is (2 - 1 - 5) + (56 - -2 - 56)?
-2
What is 2 - (-2 + 10 - (21 + -10))?
5
Calculate -1 - -12 - (146 - 113).
-22
Evaluate 10 + 7 + -8 + (-7 - (-1 + 0)).
3
7 + (2 - 4 - 0) - 8 - -1
-2
Evaluate 0 + -8 + 5 - (-42 - (-18 - -18)).
39
(12 - (-3 - -25)) + 16 + -4
2
Calculate (12 - (-4 + 0)) + -61 + 16.
-29
What is the value of (7 - 16) + 6 - 11 - -6?
-8
Calculate 41 - (-3 + (50 - 25)).
19
(-3 - 2) + (6 - 6 - (6 - -2))
-13
What is -22 + 6 - (3 - 10)?
-9
What is the value of (0 - -9) + -2 + (-5 - 3) + -16?
-17
What is -6 + ((-11 - 2) + 5 - -4 - 0)?
-10
-13 - (16 + 1 + -20)
-10
Calculate -347 + 327 + -3 + -8.
-31
Evaluate 5 - 3 - ((10 - 8) + -11).
11
What is -15 - (6 - 17 - (13 - 31))?
-22
12 + -19 + -9 + 28
12
-6 - (-3 + (7 - 25) + 6) - 4
5
Evaluate 65 + -62 - (-1 + -3 + (0 - 0)).
7
What is 27 - (1 - -2 - -9)?
15
-1 + (21 - 11) + -34
-25
What is the value of -1 + -7 - (18 - (38 + -8))?
4
What is the value of -11 + (-6 - -16 - 10) - 4?
-15
What is the value of -10 - ((-24 - (7 - 19)) + 0) - -15?
17
Calculate 54 + -17 + -20 + -14.
3
6 + 1 + 0 + (1 - (10 + -2))
0
1046 - 1042 - (-1 + (-2 - 7))
14
Calculate (1 - 1) + 1 - (-20 + (3 - -7)).
11
What is 10 + 25 + (-1 - 5 - 0) + -1?
28